ulate the remainder when 1189 is divided by 252.
181
Calculate the remainder when 10957 is divided by 5428.
101
Calculate the remainder when 24513 is divided by 955.
638
Calculate the remainder when 53510 is divided by 2432.
6
What is the remainder when 22480 is divided by 276?
124
What is the remainder when 48166 is divided by 107?
16
What is the remainder when 16745 is divided by 294?
281
Calculate the remainder when 141204 is divided by 155.
154
What is the remainder when 97255 is divided by 8?
7
Calculate the remainder when 214134 is divided by 568.
566
Calculate the remainder when 5079 is divided by 14.
11
What is the remainder when 434819 is divided by 223?
192
Calculate the remainder when 800221 is divided by 1022.
1017
Calculate the remainder when 226153 is divided by 574.
571
What is the remainder when 284229 is divided by 194?
19
What is the remainder when 57096 is divided by 10?
6
Calculate the remainder when 4895 is divided by 419.
286
Calculate the remainder when 137607 is divided by 412.
411
What is the remainder when 714591 is divided by 548?
547
What is the remainder when 467093 is divided by 6?
5
What is the remainder when 2882 is divided by 1438?
6
What is the remainder when 7766 is divided by 1092?
122
Calculate the remainder when 41195 is divided by 13726.
17
Calculate the remainder when 2260 is divided by 46.
6
Calculate the remainder when 9558610 is divided by 21.
19
What is the remainder when 6623 is divided by 184?
183
What is the remainder when 9024 is divided by 427?
57
Calculate the remainder when 76793 is divided by 100.
93
What is the remainder when 31879 is divided by 3182?
59
Calculate the remainder when 11756 is divided by 9.
2
Calculate the remainder when 9098 is divided by 2876.
470
Calculate the remainder when 34312 is divided by 14.
12
Calculate the remainder when 8435 is divided by 58.
25
What is the remainder when 3918325 is divided by 206?
205
What is the remainder when 92399 is divided by 36?
23
What is the remainder when 38798 is divided by 27?
26
What is the remainder when 125641 is divided by 28?
5
What is the remainder when 612350 is divided by 243?
233
Calculate the remainder when 7318 is divided by 862.
422
Calculate the remainder when 123200 is divided by 70.
0
What is the remainder when 106256 is divided by 2471?
3
Calculate the remainder when 147773 is divided by 46.
21
What is the remainder when 8287 is divided by 17?
8
Calculate the remainder when 4217 is divided by 245.
52
What is the remainder when 67758 is divided by 11289?
24
Calculate the remainder when 51724 is divided by 212.
208
What is the remainder when 46189 is divided by 62?
61
Calculate the remainder when 35781 is divided by 23.
16
What is the remainder when 5561 is divided by 34?
19
Calculate the remainder when 613 is divided by 98.
25
Calculate the remainder when 91936 is divided by 7661.
4
What is the remainder when 100934 is divided by 7209?
8
Calculate the remainder when 4064 is divided by 25.
14
What is the remainder when 940 is divided by 231?
16
Calculate the remainder when 2566 is divided by 704.
454
Calculate the remainder when 2053 is divided by 723.
607
What is the remainder when 16041 is divided by 16000?
41
Calculate the remainder when 5990 is divided by 209.
138
What is the remainder when 13328 is divided by 1103?
92
Calculate the remainder when 140352 is divided by 84.
72
Calculate the remainder when 2166 is divided by 2153.
13
Calculate the remainder when 69989 is divided by 20.
9
Calculate the remainder when 2508 is divided by 105.
93
Calculate the remainder when 1627 is divided by 70.
17
What is the remainder when 54718 is divided by 27346?
26
Calculate the remainder when 863 is divided by 351.
161
What is the remainder when 7374 is divided by 7369?
5
What is the remainder when 1311128 is divided by 148?
144
Calculate the remainder when 46020 is divided by 155.
140
Calculate the remainder when 1930 is divided by 449.
134
Calculate the remainder when 80042 is divided by 165.
17
Calculate the remainder when 81733 is divided by 152.
109
What is the remainder when 15398 is divided by 3704?
582
Calculate the remainder when 1528 is divided by 15.
13
Calculate the remainder when 68400 is divided by 8.
0
Calculate the remainder when 302399 is divided by 50.
49
What is the remainder when 9297469 is divided by 130?
129
Calculate the remainder when 1772968 is divided by 565.
563
Calculate the remainder when 1614 is divided by 212.
130
Calculate the remainder when 44638 is divided by 13.
9
What is the remainder when 61805 is divided by 150?
5
What is the remainder when 31085 is divided by 676?
665
Calculate the remainder when 39155 is divided by 1264.
1235
Calculate the remainder when 74473 is divided by 172.
169
Calculate the remainder when 5955 is divided by 424.
19
Calculate the remainder when 68686 is divided by 636.
634
What is the remainder when 196990 is divided by 32?
30
Calculate the remainder when 3315 is divided by 1358.
599
What is the remainder when 612773 is divided by 33?
29
What is the remainder when 2617342 is divided by 48?
46
Calculate the remainder when 2942 is divided by 31.
28
What is the remainder when 357 is divided by 278?
79
Calculate the remainder when 1828 is divided by 701.
426
What is the remainder when 7626 is divided by 158?
42
Calculate the remainder when 7025 is divided by 369.
14
Calculate the remainder when 3365 is divided by 997.
374
Calculate the remainder when 179952 is divided by 13842.
6
Calculate the remainder when 623197 is divided by 241.
212
Calculate the remainder when 2375 is divided by 971.
433
Calculate the remainder when 145306 is divided by 2383.
2326
Calculate the remainder when 56471 is divided by 4.
3
What is the remainder when 4688 is divided by 1471?
275
What is the remainder when 5364 is divided by 174?
144
Calculate the remainder when 4986 is divided by 4.
2
Calculate the remainder when 93776 is divided by 4077.
5
Calculate the remainder when 298931 is divided by 298918.
13
Calculate the remainder when 9724 is divided by 347.
8
What is the remainder when 1739 is divided by 324?
119
Calculate the remainder when 42653 is divided by 7108.
5
What is the remainder when 137918 is divided by 137910?
8
What is the remainder when 5759284 is divided by 47?
45
Calculate the remainder when 5544 is divided by 145.
34
What is the remainder when 40298 is divided by 895?
23
Calculate the remainder when 2971 is divided by 800.
571
What is the remainder when 5370947 is divided by 1089?
1088
What is the remainder when 3461147 is divided by 35?
32
What is the remainder when 7944 is divided by 3947?
50
What is the remainder when 8263 is divided by 819?
73
What is the remainder when 100586 is divided by 113?
16
What is the remainder when 9534 is divided by 30?
24
What is the remainder when 97298 is divided by 5?
3
Calculate the remainder when 3342 is divided by 667.
7
What is the remainder when 12082 is divided by 323?
131
Calculate the remainder when 115326 is divided by 57641.
44
Calculate the remainder when 15158 is divided by 361.
357
What is the remainder when 470822 is divided by 4130?
2
Calculate the remainder when 1525617 is divided by 37.
33
What is the remainder when 2811 is divided by 192?
123
Calculate the remainder when 16868 is divided by 2408.
12
Calculate the remainder when 3064 is divided by 3041.
23
What is the remainder when 4791 is divided by 599?
598
What is the remainder when 17577 is divided by 5850?
27
What is the remainder when 2669 is divided by 91?
30
What is the remainder when 607 is divided by 424?
183
What is the remainder when 1202 is divided by 122?
104
What is the remainder when 60348 is divided by 8619?
15
Calculate the remainder when 3129 is divided by 286.
269
What is the remainder when 4555 is divided by 33?
1
What is the remainder when 34840 is divided by 3?
1
Calculate the remainder when 14014 is divided by 222.
28
Calculate the remainder when 238738 is divided by 690.
688
Calculate the remainder when 1032 is divided by 199.
37
Calculate the remainder when 8198 is divided by 8148.
50
What is the remainder when 252113 is divided by 23?
10
What is the remainder when 206080 is divided by 93?
85
What is the remainder when 12095 is divided by 12077?
